 -2*b + 5*b = -3, 0 = u + 2*b - 52. Let w = u - 22. Suppose w - 3 = v. What is the tens digit of v?
2
Let o = 762 - -1427. What is the tens digit of o?
8
Let l = -160 - -260. Let d be (4/10)/((-5)/l). What is the units digit of (d - -8) + 17*1?
7
Suppose 3*s + 7*x - 11*x = 7192, -5*s + 5*x = -11990. What is the tens digit of s?
0
Suppose f + 7 = 3*t, -5*f - 2 = 3*t - 3. Let b(l) = -122*l**3 + l**2 - 2*l - 2. What is the units digit of b(f)?
3
Let d(i) = i**3 + 9*i**2 + 7*i - 7. Let b be d(-8). Let a be 4/2 - -5*b. Let t = a - -5. What is the tens digit of t?
1
Let q be 3/(-2)*(-64)/3. Suppose -4*y - q = -292. Suppose 4*c = 131 + y. What is the units digit of c?
9
Let z = -92 + 95. Let h = 164 + -72. Suppose z*x = x + h. What is the tens digit of x?
4
What is the tens digit of ((-45)/(-30))/(3/(-6)) - -887?
8
What is the units digit of (-409)/(-1) + (7 + -1 - 11)?
4
Let g = 850 + -624. What is the units digit of g?
6
Let d(k) = -k**2 - 18*k - 7. Let x be d(-15). Suppose 35*f = x*f - 90. What is the units digit of f?
0
Let f be ((-6)/(-5))/(6/20). Let o be 0*f/8 - 58. Let m = 107 + o. What is the units digit of m?
9
Suppose 45*r + 318 = 47*r. What is the units digit of r?
9
Let p be ((-17)/(-3))/((-1)/(-3)). Let a = p + -12. Suppose -a*w + 21 = 2*o - 24, -2 = -w + o. What is the units digit of w?
7
Let h(a) = a**2 + 2*a + 4. Suppose -27 = -5*g + 3. Suppose -6*l = -8*l - g. What is the units digit of h(l)?
7
Let o(f) = -6*f - 31. Let h be o(20). Let g = 258 + h. What is the tens digit of g?
0
Let v = 186 + -160. What is the units digit of v?
6
Let y = 31 - 29. Suppose -5*u + 276 = 4*r, -4*u - 35 + 257 = y*r. What is the tens digit of u?
5
Let r(g) = g**2 + 5*g + 1. Let h be r(-5). Let x be h/(-5) - 33/(-15). Suppose -25 - 11 = -x*k. What is the tens digit of k?
1
Let t be (-8)/(3/(-3)*2). Suppose 25 = t*o - 31. What is the units digit of -3*o/(-6)*1?
7
Let b(y) be the second derivative of y**5/20 + y**4/2 + y**2 - 3*y. Let o be b(-6). Suppose -7*n + o*n + 125 = 0. What is the tens digit of n?
2
What is the tens digit of 14262/23 + (0 - (-18)/(-207))?
2
Let z(a) = a**2 + 5*a + 3. Suppose 2*f = 4 - 14. Let m be z(f). Suppose -3*y + n = -70 - 11, -4*y = m*n - 121. What is the tens digit of y?
2
Suppose -2*i = 5*l - 5*i - 300, 5*i = -3*l + 180. What is the tens digit of (l - 0) + (0 - 1)?
5
Suppose -1753 = -5*u - 4*k + 5768, -4*u + 5996 = -2*k. What is the hundreds digit of u?
5
Suppose 5*r - 18*z + 13*z - 3480 = 0, -3480 = -5*r - 2*z. Let t = 990 - r. What is the units digit of t?
4
Let y(n) = 4*n**2 + 6*n + 6. Let o be y(-1). Let c(b) = b**3 - 2*b**2 - 4*b + 6. Let m be c(5). Suppose o = g - m. What is the tens digit of g?
6
Let c(q) = -15*q**3 - 4*q**2 - 3*q - 32. What is the units digit of c(-5)?
8
Let m be -5*(-2 + 55/25). Let y(f) = 88*f**2 + f + 2. What is the tens digit of y(m)?
8
Let r(d) = 26*d + 2. Let n(k) = -25*k - 2. Let s(x) = 6*n(x) + 5*r(x). Let m be s(-1). What is the tens digit of m/(-81) + 227/9?
2
Suppose 31 = 3*h - x + 8, 4*h - 33 = -x. Let v(g) = -h*g + 3 - 2 + 1 + 2. What is the tens digit of v(-8)?
6
Let g(a) = -4*a + 127. What is the units digit of g(20)?
7
Let c = -599 + 331. Let m = c - -426. What is the units digit of m/6 + 14/21?
7
Let o be ((0 - 2) + -42)*1. Suppose k - 36 = 34. Let s = k + o. What is the units digit of s?
6
Let h(s) be the second derivative of -4*s**3/3 - 15*s**2/2 - 15*s. What is the units digit of h(-5)?
5
Suppose 4*q = -105 + 1633. What is the tens digit of q?
8
Let f(c) = c**3 + 8*c**2 - 24*c + 6. Let p(v) = -v**2 - 9*v - 30. Let u be p(-5). What is the units digit of f(u)?
6
Let p = -602 + 1262. What is the hundreds digit of p?
6
Let m(f) = 9*f**2 + f + 1. Let o be m(-3). Let v = o + -181. What is the tens digit of (v/(-8))/((-6)/(-8))?
1
Let m(l) = l**3 - 4*l**2 - 15*l - 106. What is the tens digit of m(12)?
6
Let y(l) = l**3 + 7*l**2 + 6*l - 6. Let r be y(-5). Suppose r*f + 11 = 669. What is the tens digit of f?
4
Let x(m) be the third derivative of -m**5/30 - m**4/4 - m**3/6 - 3*m**2. Let a be x(-6). Let r = a - -67. What is the tens digit of r?
3
Suppose 0 = 1434*f - 1437*f + 4662. What is the tens digit of f?
5
What is the tens digit of (64550/(-75))/(10/(-15))?
9
What is the tens digit of 1*998 - (-11 - (-1 + -8))?
0
Let n = -3380 - -5087. What is the tens digit of n?
0
Let o(s) = 14*s**2 - 7*s + 46. What is the tens digit of o(-7)?
8
Suppose 29*s = -0*s + 75748. What is the thousands digit of s?
2
Let v be 4/16 + (-166)/(-8). Let z = -17 + v. What is the units digit of 31/((3 - z)/(-1))?
1
Suppose 0 = -8*y + y - 189. Let n = 159 + y. What is the units digit of n?
2
Let w be (141/12)/((-1)/4). Let d = w + 33. Let x = 15 + d. What is the units digit of x?
1
What is the tens digit of 331 + (-4)/5*(-20)/8?
3
Let v = 2150 + -1588. What is the units digit of v?
2
Let t(g) = 24*g**2 + 3*g**2 + 1 + 36*g**2. What is the units digit of t(-1)?
4
Suppose 9*p - 3*p = 0. Suppose p = t - 5, -4*t = -2*w - t + 457. What is the units digit of w?
6
Let c = 4 + -1. Let p(k) = 6*k**3 - k**2 - 5*k + 4. Let i(d) = 13*d**3 - d**2 - 10*d + 7. Let j(y) = -2*i(y) + 5*p(y). What is the tens digit of j(c)?
7
What is the tens digit of ((-4)/(-12))/1 + 67634/21?
2
Suppose -847 = 7*l - 38843. What is the hundreds digit of l?
4
Let k = 98 - 58. Let p be (-2 - -2) + (6 - 3). Suppose -a = -4*m + k, 2*m - 5*m + 30 = p*a. What is the tens digit of m?
1
What is the units digit of ((-7)/(-6))/7*(-3 - -225)?
7
Suppose 3*v + 2*u - 93 - 32 = 0, 4*u = -5*v + 207. Let d be -30 + -2 - 1/(-1). Let p = d + v. What is the units digit of p?
2
Let j = 838 + 733. What is the tens digit of j?
7
Suppose 6*y + 119 = 7*y. Suppose -4*a - 478 = -5*z, -y - 74 = -2*z + a. What is the tens digit of z?
9
Let g(q) = 3*q**2 + 2*q + 2. Let v be g(-2). Suppose -16*t - 23 = -19*t - 4*j, -3*j + 21 = 3*t. Let k = v - t. What is the units digit of k?
5
Suppose -894 = -6*b + 96. Suppose b + 340 = 5*c. What is the hundreds digit of c?
1
Suppose 0 = 10*b - 1429 - 2021. Suppose b = 5*g + i, -i - 290 = -4*g + i. What is the units digit of g?
0
Suppose 4*r - 1946 = 862. Let l = -495 + r. What is the hundreds digit of l?
2
Let u be ((-14)/(-6))/((-3)/90). Let x be u + 1/((-1)/2). What is the units digit of x/(-6) + (0 - 1)?
1
Let w(q) = -q**2 + 3*q + 1783. What is the tens digit of w(0)?
8
Let h be ((-240)/9)/4*-6. Suppose -26 = -3*y + h. Suppose -2*g + y = -g. What is the units digit of g?
2
What is the tens digit of (-71 + 74)/(1/119)?
5
Suppose 0 = -n - 5*y + 6475, -2*n - 39*y = -36*y - 12943. What is the thousands digit of n?
6
Let z = -12 - -3. Let x(f) = f**3 + 9*f**2 - 12*f - 3. What is the units digit of x(z)?
5
Let w be 9/3 - (-1 - 43). Let y = -7 + w. What is the units digit of y?
0
What is the tens digit of 210 + 1 - (-57 + 56)?
1
Let l(u) be the first derivative of -u**3/3 + 5*u**2 - 2*u + 33. Let y be (-8)/(-10)*(-45)/(-6). What is the units digit of l(y)?
2
Suppose -9*y + 10*y = 3*q + 955, -5*y - 4*q + 4794 = 0. What is the tens digit of y?
5
Let v(i) = i**3 + 9*i**2 - 2*i + 3. Let n be v(-8). Suppose -248 = -3*g - n. What is the units digit of g?
5
Suppose -4*n = 5*n - 3132. Suppose -s = -3*s - 4*x + 182, 4*s - n = -4*x. What is the tens digit of s?
8
Suppose 423 = 4*d - 417. Suppose 42 = 2*h - d. What is the units digit of h?
6
What is the units digit of 167064/132 - 4/(-11)?
6
Let h(g) = 3*g + 1. Suppose 0 = -t + 5 - 4. Let m be h(t). Suppose 2*f - 4 = m*x, -3*f + 22 = 2*f + 2*x. What is the units digit of f?
4
Let y(z) be the second derivative of 11*z**3/6 - 11*z**2/2 - z. Let t be (-213)/71 + 0 + 11. What is the tens digit of y(t)?
7
Let a(i) = 8*i - 14. Let v(m) = -1. Let o(h) = 2*a(h) - 28*v(h). What is the units digit of o(1)?
6
Let w(h) = -h**2 + 22*h + 58. Let t be w(23). Let u = -25 + -7. What is the units digit of (t + -1)*u/(-16)?
8
Suppose -5 = -6*s + 7. Suppose -l + 4*x + 26 = -17, s*l - 111 = 3*x. What is the tens digit of l?
6
Suppose 119*j = 121*j - 2084. What is the units digit of j?
2
Let w(n) = 5 - 22*n + 7*n - 28. What is the units digit of w(-5)?
2
Let q be 31/2 + 3/6. Suppose 2*t = 5*x + 156, 3*t - 196 = -x - x. Suppose t = 2*j + q. What is the tens digit of j?
2
Let j(c) = -5*c - 37. Let y be j(-7). What is the tens digit